{"id":22,"date":"2024-07-12T06:16:01","date_gmt":"2024-07-12T04:16:01","guid":{"rendered":"https:\/\/www.trezor-berus.si\/?page_id=22"},"modified":"2024-07-23T20:55:28","modified_gmt":"2024-07-23T18:55:28","slug":"o-nas","status":"publish","type":"page","link":"https:\/\/www.trezor-berus.si\/?page_id=22","title":{"rendered":"O nas"},"content":{"rendered":"<div class=\"fusion-fullwidth fullwidth-box fusion-builder-row-1 fusion-flex-container has-pattern-background has-mask-background nonhundred-percent-fullwidth non-hundred-percent-height-scrolling\" style=\"--awb-border-radius-top-left:0px;--awb-border-radius-top-right:0px;--awb-border-radius-bottom-right:0px;--awb-border-radius-bottom-left:0px;--awb-padding-top:0px;--awb-padding-right:0px;--awb-padding-bottom:0px;--awb-padding-left:0px;--awb-padding-right-medium:60px;--awb-padding-left-medium:60px;--awb-padding-right-small:0px;--awb-padding-left-small:0px;--awb-margin-bottom-small:0px;--awb-background-color:#ffffff;--awb-background-image:linear-gradient(90deg, rgba(0,0,0,0.1) 40%,#ffffff 0%);--awb-flex-wrap:wrap;\" ><div class=\"fusion-builder-row fusion-row fusion-flex-align-items-flex-start fusion-flex-content-wrap\" style=\"max-width:1248px;margin-left: calc(-4% \/ 2 );margin-right: calc(-4% \/ 2 );\"><div class=\"fusion-layout-column fusion_builder_column fusion-builder-column-0 fusion_builder_column_1_2 1_2 fusion-flex-column fusion-flex-align-self-stretch fusion-no-large-visibility\" style=\"--awb-bg-position:center center;--awb-bg-size:cover;--awb-width-large:50%;--awb-margin-top-large:0px;--awb-spacing-right-large:3.84%;--awb-margin-bottom-large:0px;--awb-spacing-left-large:3.84%;--awb-width-medium:100%;--awb-order-medium:0;--awb-spacing-right-medium:1.92%;--awb-spacing-left-medium:1.92%;--awb-width-small:100%;--awb-order-small:0;--awb-spacing-right-small:1.92%;--awb-spacing-left-small:1.92%;\"><div class=\"fusion-column-wrapper fusion-column-has-shadow fusion-flex-justify-content-flex-start fusion-content-layout-column\"><div class=\"fusion-image-element \" style=\"--awb-caption-title-font-family:var(--h2_typography-font-family);--awb-caption-title-font-weight:var(--h2_typography-font-weight);--awb-caption-title-font-style:var(--h2_typography-font-style);--awb-caption-title-size:var(--h2_typography-font-size);--awb-caption-title-transform:var(--h2_typography-text-transform);--awb-caption-title-line-height:var(--h2_typography-line-height);--awb-caption-title-letter-spacing:var(--h2_typography-letter-spacing);\"><span class=\" fusion-imageframe imageframe-none imageframe-1 hover-type-none\"><img decoding=\"async\" width=\"768\" height=\"1024\" title=\"phil-cruz-YxunLT8b5Bk-unsplash\" src=\"https:\/\/www.trezor-berus.si\/wp-content\/uploads\/2024\/07\/phil-cruz-YxunLT8b5Bk-unsplash-768x1024.jpg\" alt class=\"img-responsive wp-image-67\" srcset=\"https:\/\/www.trezor-berus.si\/wp-content\/uploads\/2024\/07\/phil-cruz-YxunLT8b5Bk-unsplash-200x267.jpg 200w, https:\/\/www.trezor-berus.si\/wp-content\/uploads\/2024\/07\/phil-cruz-YxunLT8b5Bk-unsplash-400x533.jpg 400w, https:\/\/www.trezor-berus.si\/wp-content\/uploads\/2024\/07\/phil-cruz-YxunLT8b5Bk-unsplash-600x800.jpg 600w, https:\/\/www.trezor-berus.si\/wp-content\/uploads\/2024\/07\/phil-cruz-YxunLT8b5Bk-unsplash-800x1067.jpg 800w, https:\/\/www.trezor-berus.si\/wp-content\/uploads\/2024\/07\/phil-cruz-YxunLT8b5Bk-unsplash-1200x1600.jpg 1200w, https:\/\/www.trezor-berus.si\/wp-content\/uploads\/2024\/07\/phil-cruz-YxunLT8b5Bk-unsplash-scaled.jpg 1920w\" sizes=\"(max-width: 640px) 100vw, 600px\" \/><\/span><\/div><\/div><\/div><div class=\"fusion-layout-column fusion_builder_column fusion-builder-column-1 fusion_builder_column_1_2 1_2 fusion-flex-column fusion-flex-align-self-stretch fusion-no-small-visibility fusion-no-medium-visibility\" style=\"--awb-bg-position:center center;--awb-bg-size:cover;--awb-width-large:50%;--awb-margin-top-large:0px;--awb-spacing-right-large:3.84%;--awb-margin-bottom-large:0px;--awb-spacing-left-large:3.84%;--awb-width-medium:100%;--awb-order-medium:0;--awb-spacing-right-medium:1.92%;--awb-spacing-left-medium:1.92%;--awb-width-small:100%;--awb-order-small:0;--awb-spacing-right-small:1.92%;--awb-spacing-left-small:1.92%;\"><div class=\"fusion-column-wrapper fusion-column-has-shadow fusion-flex-justify-content-flex-start fusion-content-layout-column\"><div class=\"fusion-image-element \" style=\"--awb-caption-title-font-family:var(--h2_typography-font-family);--awb-caption-title-font-weight:var(--h2_typography-font-weight);--awb-caption-title-font-style:var(--h2_typography-font-style);--awb-caption-title-size:var(--h2_typography-font-size);--awb-caption-title-transform:var(--h2_typography-text-transform);--awb-caption-title-line-height:var(--h2_typography-line-height);--awb-caption-title-letter-spacing:var(--h2_typography-letter-spacing);\"><span class=\" fusion-imageframe imageframe-none imageframe-2 hover-type-none\"><img decoding=\"async\" width=\"1920\" height=\"2560\" title=\"phil-cruz-YxunLT8b5Bk-unsplash\" src=\"https:\/\/www.trezor-berus.si\/wp-content\/uploads\/2024\/07\/phil-cruz-YxunLT8b5Bk-unsplash-scaled.jpg\" alt class=\"img-responsive wp-image-67\" srcset=\"https:\/\/www.trezor-berus.si\/wp-content\/uploads\/2024\/07\/phil-cruz-YxunLT8b5Bk-unsplash-200x267.jpg 200w, https:\/\/www.trezor-berus.si\/wp-content\/uploads\/2024\/07\/phil-cruz-YxunLT8b5Bk-unsplash-400x533.jpg 400w, https:\/\/www.trezor-berus.si\/wp-content\/uploads\/2024\/07\/phil-cruz-YxunLT8b5Bk-unsplash-600x800.jpg 600w, https:\/\/www.trezor-berus.si\/wp-content\/uploads\/2024\/07\/phil-cruz-YxunLT8b5Bk-unsplash-800x1067.jpg 800w, https:\/\/www.trezor-berus.si\/wp-content\/uploads\/2024\/07\/phil-cruz-YxunLT8b5Bk-unsplash-1200x1600.jpg 1200w, https:\/\/www.trezor-berus.si\/wp-content\/uploads\/2024\/07\/phil-cruz-YxunLT8b5Bk-unsplash-scaled.jpg 1920w\" sizes=\"(max-width: 640px) 100vw, 600px\" \/><\/span><\/div><\/div><\/div><div class=\"fusion-layout-column fusion_builder_column fusion-builder-column-2 fusion_builder_column_1_2 1_2 fusion-flex-column\" style=\"--awb-padding-top:40px;--awb-padding-bottom:40px;--awb-padding-left:40px;--awb-padding-top-medium:60px;--awb-padding-bottom-medium:0px;--awb-padding-right-small:0px;--awb-padding-bottom-small:27px;--awb-padding-left-small:0px;--awb-bg-size:cover;--awb-width-large:50%;--awb-margin-top-large:0px;--awb-spacing-right-large:3.84%;--awb-margin-bottom-large:0px;--awb-spacing-left-large:3.84%;--awb-width-medium:100%;--awb-order-medium:0;--awb-spacing-right-medium:1.92%;--awb-spacing-left-medium:1.92%;--awb-width-small:100%;--awb-order-small:0;--awb-spacing-right-small:3.072%;--awb-spacing-left-small:41.376%;\"><div class=\"fusion-column-wrapper fusion-column-has-shadow fusion-flex-justify-content-flex-start fusion-content-layout-column\"><div class=\"fusion-text fusion-text-1\" style=\"--awb-font-size:18px;--awb-line-height:1.6;--awb-letter-spacing:0px;--awb-text-transform:var(--awb-typography4-text-transform);--awb-text-color:#000000;--awb-margin-top:10px;--awb-text-font-family:-apple-system, BlinkMacSystemFont, &#039;Segoe UI&#039;, Roboto, Oxygen-Sans, Ubuntu, Cantarell, &#039;Helvetica Neue&#039; ,sans-serif;--awb-text-font-style:normal;--awb-text-font-weight:400;\"><p>Smo vodilno podjetje na podro\u010dju prodaje sefov, posve\u010deno zagotavljanju najvi\u0161je stopnje varnosti za va\u0161e dragocenosti. Na\u0161a zgodba se je za\u010dela pred ve\u010d kot desetletjem, ko smo prepoznali potrebo po zanesljivih in kakovostnih re\u0161itvah za shranjevanje vrednih predmetov. Od takrat naprej si prizadevamo, da bi vsakemu posamezniku in podjetju omogo\u010dili miren spanec, saj vemo, da so njihove dragocenosti na varnem.<\/p>\n<p>Ponujamo \u0161irok spekter sefov, ki ustrezajo razli\u010dnim potrebam in prora\u010dunom. Od majhnih osebnih sefov do velikih sefov za podjetja, vsak na\u0161 izdelek je izdelan z najve\u010djo skrbnostjo in pozornostjo do detajlov. Poleg tega nudimo tudi svetovanje pri izbiri pravega sefa ter storitve monta\u017ee in vzdr\u017eevanja.<\/p>\n<\/div><ul style=\"--awb-iconcolor:#000000;--awb-textcolor:rgba(0,0,0,0.57);--awb-line-height:27.2px;--awb-icon-width:27.2px;--awb-icon-height:27.2px;--awb-icon-margin:11.2px;--awb-content-margin:38.4px;\" class=\"fusion-checklist fusion-checklist-1 fusion-checklist-default type-icons\"><li class=\"fusion-li-item\" style=\"--awb-iconcolor:#000000;\"><span class=\"icon-wrapper circle-no\"><i class=\"fusion-li-icon fa-user-shield fas\" aria-hidden=\"true\"><\/i><\/span><div class=\"fusion-li-item-content\">\n<p><b>Zanesljivost:<\/b> Na\u0161i sefi so sinonim za zanesljivost. S ponosom zagotavljamo izdelke, ki nudijo brezkompromisno varnost.<\/p>\n<\/div><\/li><li class=\"fusion-li-item\" style=\"--awb-iconcolor:#000000;\"><span class=\"icon-wrapper circle-no\"><i class=\"fusion-li-icon fa-lightbulb fas\" aria-hidden=\"true\"><\/i><\/span><div class=\"fusion-li-item-content\">\n<p><b>Inovativnost:<\/b> Vedno i\u0161\u010demo nove na\u010dine, kako izbolj\u0161ati na\u0161e izdelke in storitve, da bi zadostili potrebam sodobnega sveta.<\/p>\n<\/div><\/li><li class=\"fusion-li-item\" style=\"--awb-iconcolor:#000000;\"><span class=\"icon-wrapper circle-no\"><i class=\"fusion-li-icon fa-book-reader fas\" aria-hidden=\"true\"><\/i><\/span><div class=\"fusion-li-item-content\">\n<p><b>Strokovnost:<\/b> Na\u0161a ekipa strokovnjakov je tu, da vam pomaga izbrati najbolj\u0161o re\u0161itev za va\u0161e potrebe. Svetujemo vam z znanjem in izku\u0161njami, ki smo jih pridobili skozi leta delovanja.<\/p>\n<\/div><\/li><li class=\"fusion-li-item\" style=\"--awb-iconcolor:#000000;\"><span class=\"icon-wrapper circle-no\"><i class=\"fusion-li-icon fa-hand-holding-heart fas\" aria-hidden=\"true\"><\/i><\/span><div class=\"fusion-li-item-content\">\n<p><b>Zadovoljstvo strank:<\/b> Va\u0161e zadovoljstvo je na\u0161a najve\u010dja nagrada. Zavezani smo k zagotavljanju odli\u010dne uporabni\u0161ke izku\u0161nje in podpore.<\/p>\n<\/div><\/li><\/ul><\/div><\/div><\/div><\/div>\n","protected":false},"excerpt":{"rendered":"","protected":false},"author":1,"featured_media":0,"parent":0,"menu_order":0,"comment_status":"closed","ping_status":"closed","template":"100-width.php","meta":{"footnotes":""},"class_list":["post-22","page","type-page","status-publish","hentry"],"yoast_head":"<!-- This site is optimized with the Yoast SEO plugin v23.0 - https:\/\/yoast.com\/wordpress\/plugins\/seo\/ -->\n<title>O nas - Terezor Berus<\/title>\n<meta name=\"robots\" content=\"index, follow, max-snippet:-1, max-image-preview:large, max-video-preview:-1\" \/>\n<link rel=\"canonical\" href=\"https:\/\/www.trezor-berus.si\/?page_id=22\" \/>\n<meta property=\"og:locale\" content=\"sl_SI\" \/>\n<meta property=\"og:type\" content=\"article\" \/>\n<meta property=\"og:title\" content=\"O nas - Terezor Berus\" \/>\n<meta property=\"og:url\" content=\"https:\/\/www.trezor-berus.si\/?page_id=22\" \/>\n<meta property=\"og:site_name\" content=\"Terezor Berus\" \/>\n<meta property=\"article:modified_time\" content=\"2024-07-23T18:55:28+00:00\" \/>\n<meta name=\"twitter:card\" content=\"summary_large_image\" \/>\n<meta name=\"twitter:label1\" content=\"Est. reading time\" \/>\n\t<meta name=\"twitter:data1\" content=\"2 minuti\" \/>\n<script type=\"application\/ld+json\" class=\"yoast-schema-graph\">{\"@context\":\"https:\/\/schema.org\",\"@graph\":[{\"@type\":\"WebPage\",\"@id\":\"https:\/\/www.trezor-berus.si\/?page_id=22\",\"url\":\"https:\/\/www.trezor-berus.si\/?page_id=22\",\"name\":\"O nas - Terezor Berus\",\"isPartOf\":{\"@id\":\"https:\/\/www.trezor-berus.si\/#website\"},\"datePublished\":\"2024-07-12T04:16:01+00:00\",\"dateModified\":\"2024-07-23T18:55:28+00:00\",\"breadcrumb\":{\"@id\":\"https:\/\/www.trezor-berus.si\/?page_id=22#breadcrumb\"},\"inLanguage\":\"sl-SI\",\"potentialAction\":[{\"@type\":\"ReadAction\",\"target\":[\"https:\/\/www.trezor-berus.si\/?page_id=22\"]}]},{\"@type\":\"BreadcrumbList\",\"@id\":\"https:\/\/www.trezor-berus.si\/?page_id=22#breadcrumb\",\"itemListElement\":[{\"@type\":\"ListItem\",\"position\":1,\"name\":\"Home\",\"item\":\"https:\/\/www.trezor-berus.si\/\"},{\"@type\":\"ListItem\",\"position\":2,\"name\":\"O nas\"}]},{\"@type\":\"WebSite\",\"@id\":\"https:\/\/www.trezor-berus.si\/#website\",\"url\":\"https:\/\/www.trezor-berus.si\/\",\"name\":\"Terezor Berus\",\"description\":\"Trezor Berus\",\"potentialAction\":[{\"@type\":\"SearchAction\",\"target\":{\"@type\":\"EntryPoint\",\"urlTemplate\":\"https:\/\/www.trezor-berus.si\/?s={search_term_string}\"},\"query-input\":\"required name=search_term_string\"}],\"inLanguage\":\"sl-SI\"}]}<\/script>\n<!-- \/ Yoast SEO plugin. -->","yoast_head_json":{"title":"O nas - Terezor Berus","robots":{"index":"index","follow":"follow","max-snippet":"max-snippet:-1","max-image-preview":"max-image-preview:large","max-video-preview":"max-video-preview:-1"},"canonical":"https:\/\/www.trezor-berus.si\/?page_id=22","og_locale":"sl_SI","og_type":"article","og_title":"O nas - Terezor Berus","og_url":"https:\/\/www.trezor-berus.si\/?page_id=22","og_site_name":"Terezor Berus","article_modified_time":"2024-07-23T18:55:28+00:00","twitter_card":"summary_large_image","twitter_misc":{"Est. reading time":"2 minuti"},"schema":{"@context":"https:\/\/schema.org","@graph":[{"@type":"WebPage","@id":"https:\/\/www.trezor-berus.si\/?page_id=22","url":"https:\/\/www.trezor-berus.si\/?page_id=22","name":"O nas - Terezor Berus","isPartOf":{"@id":"https:\/\/www.trezor-berus.si\/#website"},"datePublished":"2024-07-12T04:16:01+00:00","dateModified":"2024-07-23T18:55:28+00:00","breadcrumb":{"@id":"https:\/\/www.trezor-berus.si\/?page_id=22#breadcrumb"},"inLanguage":"sl-SI","potentialAction":[{"@type":"ReadAction","target":["https:\/\/www.trezor-berus.si\/?page_id=22"]}]},{"@type":"BreadcrumbList","@id":"https:\/\/www.trezor-berus.si\/?page_id=22#breadcrumb","itemListElement":[{"@type":"ListItem","position":1,"name":"Home","item":"https:\/\/www.trezor-berus.si\/"},{"@type":"ListItem","position":2,"name":"O nas"}]},{"@type":"WebSite","@id":"https:\/\/www.trezor-berus.si\/#website","url":"https:\/\/www.trezor-berus.si\/","name":"Terezor Berus","description":"Trezor Berus","potentialAction":[{"@type":"SearchAction","target":{"@type":"EntryPoint","urlTemplate":"https:\/\/www.trezor-berus.si\/?s={search_term_string}"},"query-input":"required name=search_term_string"}],"inLanguage":"sl-SI"}]}},"_links":{"self":[{"href":"https:\/\/www.trezor-berus.si\/index.php?rest_route=\/wp\/v2\/pages\/22","targetHints":{"allow":["GET"]}}],"collection":[{"href":"https:\/\/www.trezor-berus.si\/index.php?rest_route=\/wp\/v2\/pages"}],"about":[{"href":"https:\/\/www.trezor-berus.si\/index.php?rest_route=\/wp\/v2\/types\/page"}],"author":[{"embeddable":true,"href":"https:\/\/www.trezor-berus.si\/index.php?rest_route=\/wp\/v2\/users\/1"}],"replies":[{"embeddable":true,"href":"https:\/\/www.trezor-berus.si\/index.php?rest_route=%2Fwp%2Fv2%2Fcomments&post=22"}],"version-history":[{"count":16,"href":"https:\/\/www.trezor-berus.si\/index.php?rest_route=\/wp\/v2\/pages\/22\/revisions"}],"predecessor-version":[{"id":163,"href":"https:\/\/www.trezor-berus.si\/index.php?rest_route=\/wp\/v2\/pages\/22\/revisions\/163"}],"wp:attachment":[{"href":"https:\/\/www.trezor-berus.si\/index.php?rest_route=%2Fwp%2Fv2%2Fmedia&parent=22"}],"curies":[{"name":"wp","href":"https:\/\/api.w.org\/{rel}","templated":true}]}}